nder when 72 is divided by a?
22
Let n(t) be the third derivative of 0 + 0*t - 1/24*t**4 + 1/3*t**3 + t**2. Calculate the remainder when n(0) is divided by 2.
0
Suppose 0 = -4*o + 4, 4*y + 34 = o + o. Let d = y - -7. Let a(b) = -9*b**3 + 2*b**2 - 1. What is the remainder when a(d) is divided by 4?
2
Suppose -i + 20 = -3*r, i + 2 + 2 = -3*r. What is the remainder when 28 is divided by i?
4
Let w be (1 - (-36)/(-2))/(-1). Calculate the remainder when 66 is divided by w + 0*(-4)/(-8).
15
Let c = 66 - 4. Suppose -t + 32 = t. What is the remainder when c is divided by t?
14
Let r be (7 - -2)/((-3)/(-10)). Suppose 7*w - r = 2*w. Calculate the remainder when 21 is divided by w.
3
Let n = -161 + 167. Calculate the remainder when 14 is divided by n.
2
Suppose -59*i - 28 = -61*i. Suppose 0 = -2*o - 2*f + 32, 0 = 4*o + 2*f - 56 - 16. Let j = o + -12. What is the remainder when i is divided by j?
6
Let u(w) = -w**2 - 24*w + 33. What is the remainder when u(-23) is divided by 10?
6
Let p = 25 - -42. Suppose 0 = -3*c - 5 + 74. Calculate the remainder when p is divided by c.
21
Let g(k) = 3*k**2 - 16. Calculate the remainder when g(7) is divided by 33.
32
Let b be 3/(-1*(0 - 1)). Suppose 0 = 4*q - 3*q - b*h - 24, 8 = 2*q + 4*h. Suppose 4*k + 44 - 180 = 0. What is the remainder when k is divided by q?
10
Suppose -3*g = -6*h + h - 79, -4*h = -4*g + 100. What is the remainder when 89 is divided by g?
20
Suppose 5*s + 0*s = -285. What is the remainder when (-48)/(-18)*s/(-4) is divided by 20?
18
Let u(o) = 3*o**2 + 5*o - 19. What is the remainder when 13 is divided by u(-4)?
4
Let x(z) = 19*z + 2. Calculate the remainder when x(1) is divided by 6.
3
Suppose -z = -4*z + 69. Let k(o) = 0*o**2 + 4*o + 7 + o**2 - 4 + 0*o**2. Calculate the remainder when z is divided by k(-5).
7
Suppose -p - 5 = 2*a + a, 0 = 5*p + 3*a + 49. Let f = p - -18. Suppose f*y - 2*y = 55. What is the remainder when 20 is divided by y?
9
Let f = -41 - -60. What is the remainder when f is divided by 10?
9
Let p(a) = -a + 5. Let c(b) = 1. Let y(u) = -6*c(u) + p(u). Let t be y(1). What is the remainder when 29 is divided by (-432)/(-42) + t/7?
9
Let f(i) = -4*i - 4. Let q(l) = 3*l + 7 - 2 - 2. Let x(m) = -5*f(m) - 8*q(m). Calculate the remainder when 35 is divided by x(-4).
11
Let y = 215 + -147. Suppose 0 = 4*v - 64 - y. Calculate the remainder when v is divided by 17.
16
Suppose -5*j + 3*b = -j - 109, 5*j + 5*b = 180. What is the remainder when j is divided by 18?
13
Let j(z) = -z**2 + 13*z - 7. What is the remainder when 57 is divided by j(9)?
28
Let u be (-2)/10 + (-146)/(-5). Let r = 1 + u. Suppose -4*l + 3*v + 31 = 0, -3*l + r = -v + 8. What is the remainder when 13 is divided by l?
6
Let c(g) = g**3 + 6*g**2 + 4*g - 3. Let h be c(-5). Let k be 0/(-1 + 3) - -5. Suppose h*t = 3*t - k. Calculate the remainder when t is divided by 2.
1
Let i = 32 - 5. Let g = 42 - i. Calculate the remainder when g is divided by 6.
3
Let r(h) = -h**3 - 5*h**2 + 4. What is the remainder when 12 is divided by r(-5)?
0
Let o(u) = u**2 + 18*u + 14. Calculate the remainder when 107 is divided by o(-18).
9
Suppose i + 0 = 2*m + 9, 0 = -4*i - 4*m. Let k = i - 0. Suppose 0 = k*o - 0*o - 12. Calculate the remainder when 7 is divided by o.
3
Let k(w) = -w**2 + 5*w - 2. Let i be k(4). Let h be i + (-3 - -2) + 2. Suppose 5*d - x = 73, 13 = d + h*x - 4*x. What is the remainder when 44 is divided by d?
14
Let t = 1 - -4. Let w = -2 - -14. Calculate the remainder when w is divided by t.
2
What is the remainder when 47 is divided by ((-33)/(-44))/(3/28)?
5
Suppose -5*l = 5*d - 175, -2*l = -d + 3*l + 5. Calculate the remainder when d is divided by 12.
6
Let k(i) = -i**2 + 1. Let w be -2 + (3 - 2) - -2. Let g be k(w). Suppose g = f - 16 - 1. What is the remainder when f is divided by 9?
8
Let h = 29 + -13. Calculate the remainder when (-3)/(-15) + 308/10 is divided by h.
15
Let j = 72 + -45. Calculate the remainder when 79 is divided by j.
25
Suppose 0 = -2*q - 5*i + 10, -q + 14 = -4*i + 2*i. What is the remainder when (-2)/6 + 875/15 is divided by q?
8
Suppose -59*u = -60*u + 41. What is the remainder when u is divided by 21?
20
Suppose -k + 112 = 4*t + 3*k, -3*t + 5*k = -84. Let g = 8 + t. Calculate the remainder when g is divided by 13.
10
Suppose -2*d + 37 = 5. Let n = -19 + 35. Let r = 14 + n. What is the remainder when r is divided by d?
14
Suppose 0 + 10 = 2*k, -65 = -4*i + 3*k. Suppose -i = 4*r - 120. Suppose -y - y + 14 = 0. What is the remainder when r is divided by y?
4
Let h(i) be the third derivative of -i**6/120 - i**5/4 - 7*i**4/12 + 3*i**3 + 2*i**2. What is the remainder when 34 is divided by h(-14)?
16
Suppose 5*h = 23 + 47. What is the remainder when h is divided by (1/(-3))/(1/(-15))?
4
Let n = 8 - 7. What is the remainder when (-6)/(-6) - (n + -25) is divided by 7?
4
Let x(k) = -k**3 - 7*k**2 - 5*k + 8. Let m be x(-6). Let q be (-32)/2*m/(-4). Let n = -1 + q. What is the remainder when 20 is divided by n?
6
Suppose -235 = -5*n - 5*s, -2*s = -5*n + 57 + 150. Calculate the remainder when n is divided by 32/2 + 1*-1.
13
Suppose -2*t + 40 + 50 = 0. Let x = t - 23. What is the remainder when 43 is divided by x?
21
Suppose -2*w - 3 + 30 = s, w = 5*s - 91. Let n = 4 - -69. Calculate the remainder when n is divided by s.
16
Let v(n) = -8*n**3 + n**2 - 2*n - 2. Let a = -2 + 0. Let h be v(a). Let l = h + -30. Calculate the remainder when l is divided by 14.
12
Let a = -38 - -48. Calculate the remainder when 12 is divided by a.
2
Let w = 2 + 10. Let k(f) = f + 5. Calculate the remainder when k(w) is divided by 6.
5
Let c = 695 + -677. Calculate the remainder when (7 - 2)/((-1)/(-7)) is divided by c.
17
Let w(k) = 4*k + 1. Suppose 10 + 6 = 4*h. Let m be h/8 - 11/(-2). What is the remainder when w(m) is divided by 9?
7
Suppose -3*r - 4*w = -4*r - 10, -2*w = 2*r - 10. Suppose 3*j - 37 = 2*j + 4*y, -r*y = -5*j + 167. Calculate the remainder when j is divided by 9.
6
Let s(r) = 5*r + 2. What is the remainder when s(7) is divided by 13?
11
Let y(f) be the second derivative of f**3/6 + 3*f. Let c be y(3). Suppose 0 = -3*w + c - 0. Calculate the remainder when w is divided by 1.
0
Let s(j) = -7*j + 5. Let l = 35 - 21. Calculate the remainder when s(-3) is divided by l.
12
Let i(g) be the third derivative of g**5/60 + g**4/12 - g**3/6 + 7*g**2. Suppose a - 25 - 8 = -3*h, 2*h = 10. What is the remainder when i(5) is divided by a?
16
Suppose j - 3*l = -j + 48, 3*j = -5*l + 91. Calculate the remainder when 79 is divided by j.
25
Suppose -7 = -4*y - 4*n + 5, 4*y - 3*n = 5. Suppose -42 = -0*m - m + k, -2*k - y = 0. What is the remainder when m is divided by 14?
13
Suppose 15 = 4*u - 45. Let j = 1 - -9. Let z = j - -33. Calculate the remainder when z is divided by u.
13
Let k = 18 + -5. What is the remainder when 63 is divided by k?
11
Suppose -3*o = -5 - 7. Let i(g) = -o - 3 + 3 - g. What is the remainder when i(-5) is divided by 1?
0
Let x = -22 + 35. Calculate the remainder when (8 - 5)*1*8 is divided by x.
11
Let o(k) = -5*k - 31. Calculate the remainder when o(-9) is divided by 6.
2
What is the remainder when 22 is divided by (-2)/(-7) - 108/(-14)?
6
Suppose -4*a = -2*d - 116, 0*d + 138 = 5*a + d. Calculate the remainder when a is divided by 10.
8
Let t(s) = 7 - 6*s + 0*s**3 - 7*s**2 + 2*s**3 - 3*s**3. What is the remainder when (-6)/(-33) + (-282)/(-22) is divided by t(-6)?
6
Let w(g) = -7*g**3 + g**2 - g - 1. Suppose 0 = 7*b - 2*b - 25. Calculate the remainder when w(-1) is divided by b.
3
Let y(f) be the first derivative of 2*f**2 - 2*f - 3. Let t(m) = 4*m - 1. Let j(p) = -5*t(p) + 6*y(p). What is the remainder when 32 is divided by j(6)?
15
Suppose -4*b - 119 = 33. Let r = b + 64. Calculate the remainder when r is divided by (-4)/(-24) - 166/(-12).
12
Let o = 84 - -55. Suppose -13 = -4*b + o. What is the remainder when b is divided by 13?
12
Suppose -d = -34 + 5. Let v = -18 + d. Let a(p) = p**2 - p + 4. Calculate the remainder when v is divided by a(0).
3
Suppose 0 = w - 3 - 11. What is the remainder when 52 is divided by w?
10
What is the remainder when (-1)/((-4)/(2 - -2)) is divided by 1?
0
Suppose 3*g = -2*v + 5, -5*v + 8 = 3*g - 0*g. Suppose -t + 22 = -v. Calculate the remainder when t is divided by 8.
7
Let h(z) 